tors of 2687324.
2, 671831
List the prime factors of 3434414.
2, 37, 46411
List the prime factors of 883479.
3, 317, 929
What are the prime factors of 242046?
2, 3, 7, 17, 113
What are the prime factors of 227882?
2, 29, 3929
List the prime factors of 1014477.
3, 338159
What are the prime factors of 179963?
7, 47, 547
What are the prime factors of 22255110?
2, 3, 5, 247279
What are the prime factors of 17458150?
2, 5, 17, 19, 23, 47
What are the prime factors of 31612642?
2, 15806321
What are the prime factors of 45071?
13, 3467
What are the prime factors of 9465091?
9465091
What are the prime factors of 205003?
17, 31, 389
List the prime factors of 105124.
2, 41, 641
List the prime factors of 10023333.
3, 59, 56629
List the prime factors of 2198906.
2, 73, 15061
What are the prime factors of 1541811?
3, 513937
List the prime factors of 1824873.
3, 347, 1753
What are the prime factors of 125861?
43, 2927
What are the prime factors of 1176386?
2, 67, 8779
What are the prime factors of 37199921?
11, 521, 6491
What are the prime factors of 609334?
2, 11, 27697
What are the prime factors of 26392550?
2, 5, 527851
What are the prime factors of 5490384?
2, 3, 107, 1069
What are the prime factors of 1074231?
3, 119359
List the prime factors of 220009.
220009
List the prime factors of 6823689.
3, 31, 239, 307
List the prime factors of 848444.
2, 47, 4513
List the prime factors of 94532.
2, 23633
What are the prime factors of 9172024?
2, 277, 4139
What are the prime factors of 8262305?
5, 101, 16361
What are the prime factors of 327682?
2, 163841
What are the prime factors of 171586?
2, 85793
List the prime factors of 234807.
3, 23, 41, 83
List the prime factors of 13083256.
2, 739, 2213
List the prime factors of 185615.
5, 37123
List the prime factors of 158217.
3, 23, 2293
What are the prime factors of 10450182?
2, 3, 1741697
List the prime factors of 39750.
2, 3, 5, 53
List the prime factors of 13309067.
13309067
What are the prime factors of 1497594?
2, 3, 7, 181, 197
List the prime factors of 7980296.
2, 571, 1747
List the prime factors of 397563.
3, 89, 1489
What are the prime factors of 3329776?
2, 208111
What are the prime factors of 86870?
2, 5, 7, 17, 73
List the prime factors of 1441870.
2, 5, 23, 6269
What are the prime factors of 23982?
2, 3, 7, 571
What are the prime factors of 120017?
120017
List the prime factors of 406589.
17, 23917
What are the prime factors of 2418180?
2, 3, 5, 41, 983
List the prime factors of 1629955.
5, 41, 7951
What are the prime factors of 1753574?
2, 876787
List the prime factors of 8281.
7, 13
What are the prime factors of 49039?
19, 29, 89
List the prime factors of 8927444.
2, 2231861
What are the prime factors of 25143161?
151, 269, 619
What are the prime factors of 265568?
2, 43, 193
What are the prime factors of 95294?
2, 29, 31, 53
List the prime factors of 305249.
7, 43607
What are the prime factors of 253902?
2, 3, 11, 3847
List the prime factors of 248856.
2, 3, 10369
List the prime factors of 1262613.
3, 11, 38261
List the prime factors of 1403858.
2, 127, 5527
List the prime factors of 16540469.
11, 19, 29, 2729
List the prime factors of 141681.
3, 83, 569
List the prime factors of 400267.
7, 211, 271
What are the prime factors of 371531?
313, 1187
What are the prime factors of 5325897?
3, 67, 26497
List the prime factors of 305432.
2, 73, 523
List the prime factors of 316040.
2, 5, 7901
List the prime factors of 145447.
37, 3931
List the prime factors of 282365.
5, 56473
What are the prime factors of 180147?
3, 11, 53, 103
List the prime factors of 1418157.
3, 13, 17, 23, 31
What are the prime factors of 10203081?
3, 7, 389, 1249
What are the prime factors of 18858566?
2, 53, 89, 1999
What are the prime factors of 24733867?
1787, 13841
What are the prime factors of 1678523?
7, 11, 21799
What are the prime factors of 485397?
3, 11, 4903
List the prime factors of 237683.
237683
List the prime factors of 228705.
3, 5, 79, 193
List the prime factors of 756672.
2, 3, 7, 563
What are the prime factors of 1721291?
11, 13, 12037
List the prime factors of 78041.
78041
What are the prime factors of 377181?
3, 7, 5987
What are the prime factors of 607427?
17, 35731
What are the prime factors of 5498504?
2, 11, 62483
What are the prime factors of 144447?
3, 89, 541
List the prime factors of 12336303.
3, 7, 23, 25541
List the prime factors of 3687892.
2, 13, 70921
What are the prime factors of 250003?
13, 19231
List the prime factors of 16448152.
2, 7, 293717
List the prime factors of 4033440.
2, 3, 5, 2801
What are the prime factors of 846513?
3, 94057
List the prime factors of 7105007.
7, 13, 163, 479
What are the prime factors of 2175329?
13, 19, 8807
What are the prime factors of 31822093?
19, 1674847
What are the prime factors of 2006849?
13, 154373
List the prime factors of 24419633.
7, 17, 12071
List the prime factors of 4276443.
3, 1425481
What are the prime factors of 8585495?
5, 1717099
What are the prime factors of 11506639?
3169, 3631
What are the prime factors of 12290348?
2, 7, 438941
What are the prime factors of 491917?
109, 4513
List the prime factors of 705171.
3, 235057
What are the prime factors of 1611978?
2, 3, 23, 11681
What are the prime factors of 2454444?
2, 3, 29, 2351
List the prime factors of 289764.
2, 3, 2683
What are the prime factors of 154440?
2, 3, 5, 11, 13
List the prime factors of 2865615.
3, 5, 73, 2617
List the prime factors of 975659.
109, 8951
List the prime factors of 835462.
2, 417731
List the prime factors of 2536669.
389, 6521
List the prime factors of 12033656.
2, 467, 3221
What are the prime factors of 832299?
3, 13, 21341
What are the prime factors of 1939051?
457, 4243
List the prime factors of 252193.
252193
List the prime factors of 357137.
11, 32467
List the prime factors of 5134626.
2, 3, 7, 40751
What are the prime factors of 302731?
11, 13, 29, 73
What are the prime factors of 7227722?
2, 139, 25999
What are the prime factors of 122044?
2, 13, 2347
What are the prime factors of 4732021?
7, 43, 79, 199
What are the prime factors of 11861481?
3, 3953827
List the prime factors of 48243.
3, 13, 1237
What are the prime factors of 251371?
41, 6131
List the prime factors of 201640.
2, 5, 71
List the prime factors of 45051.
3, 15017
What are the prime factors of 2735931?
3, 11, 7537
What are the prime factors of 150640?
2, 5, 7, 269
List the prime factors of 1930819.
11, 191, 919
List the prime factors of 1404018.
2, 3, 7, 11, 1013
What are the prime factors of 488304?
2, 3, 3391
List the prime factors of 323999.
13, 24923
List the prime factors of 1736584.
2, 17, 113
What are the prime factors of 889096?
2, 13, 83, 103
List the prime factors of 212501.
212501
List the prime factors of 1284014.
2, 181, 3547
What are the prime factors of 5843456?
2, 101, 113
What are the prime factors of 2210234?
2, 13, 85009
List the prime factors of 15450950.
2, 5, 309019
List the prime factors of 90547.
90547
What are the prime factors of 552473?
552473
List the prime factors of 32854893.
3, 2557, 4283
What are the prime factors of 466602?
2, 3, 19, 4093
List the prime factors of 17848404.
2, 3, 7, 23609
List the prime factors of 13261918.
2, 971, 6829
List the prime factors of 5870231.
43, 211, 647
List the prime factors of 7986961.
2143, 3727
List the prime factors of 1289905.
5, 257981
What are the prime factors of 356317?
13, 27409
What are the prime factors of 27415630?
2, 5, 11, 249233
List the prime factors of 138584.
2, 17, 1019
What are the prime factors of 1993967?
37, 53891
List the prime factors of 214091.
214091
List the prime factors of 296482.
2, 53, 2797
List the prime factors of 53971.
31, 1741
What are the prime factors of 12918616?
2, 401, 4027
What are the prime factors of 5481115?
5, 229, 4787
What are the prime factors of 463936?
2, 11, 659
What are the prime factors of 3829921?
67, 57163
What are the prime factors of 58254?
2, 3, 7, 19, 73
List the prime factors of 14620969.
11, 17, 41, 1907
List the prime factors of 5432517.
3, 603613
What are the prime factors of 140720?
2, 5, 1759
What are the prime factors of 14345419?
11, 1304129
What are the prime factors of 200022?
2, 3, 17, 37, 53
List the prime factors of 269862.
2, 3, 41, 1097
What are the pr